216)/a - (-9)/(-21). What is the highest common divisor of h and z?
5
Let a(i) = 210*i - 92. Let q be a(4). What is the highest common factor of q and 44?
44
Let w be (6/8)/(1/28). Let c(o) = 298*o**2 - 2*o - 2. Let l be c(-1). Suppose 0 = -3*h + l + 143. Calculate the highest common factor of h and w.
21
Let n be (5/(-2))/((-45)/36). Suppose -n*y = 4*j + j, -4*y - 3*j = -14. Calculate the greatest common divisor of 15 and y.
5
Let k(z) = 2*z + z**2 - 74*z**3 - z + 4 - 3. Let q be k(-1). Let w be 412/28 - (20/(-14))/5. What is the greatest common factor of w and q?
15
Suppose -p - 3*p + 4 = 0. Let r be (-90)/(-8) + p/(-4). Suppose -r*k = -9*k - 28. What is the greatest common divisor of k and 56?
14
Let f(w) = -w**3 - w**2 - 13*w - 50. Let k be f(-6). Calculate the highest common factor of k and 8.
8
Let m(s) = 41*s**3 + 6*s**2 - 5*s - 2. Let j be m(3). Calculate the greatest common factor of j and 176.
88
Let i = -34 + 60. Suppose -2*g + i = 24. Let l = 11 + -6. What is the greatest common divisor of l and g?
1
Let p = -72 - -74. Let h be 1 + (2 - p) - -44. Calculate the greatest common factor of 30 and h.
15
Suppose 803 - 1959 = -17*g. What is the highest common factor of 16 and g?
4
Let i = -1289 - -1313. Let w = -81 + 345. What is the highest common factor of i and w?
24
Let h be (-59 - 1)/(-5) + 2/(-1). Calculate the highest common factor of h and 30.
10
Suppose 7 = 3*t - 2*t + 4*h, h + 14 = 5*t. Let g(i) = 33*i. Let n = 4 - 3. Let p be g(n). Calculate the highest common factor of p and t.
3
Suppose 0 = -36*l + 38*l + 6*a - 70, 2*l + 2*a = 90. Let p(i) = 2 - 3*i + i - 4 - i**3. Let q be p(-2). Calculate the highest common factor of q and l.
10
Suppose 4*u - 2*r - 20 = 0, r + 4*r = -20. Suppose -60 = -0*f - u*f. Let m be 2*45/f*6. Calculate the highest common divisor of 108 and m.
27
Let p = -4562 + 4580. Let x(a) = a**2 + 1. Let s be x(2). Suppose -19 = -2*v + s*t + 5, -4*v = -4*t - 24. What is the highest common factor of p and v?
2
Suppose 4*f + 0 - 12 = 0. Suppose 5*m + 23 = r, -m + 5*r - 31 = f*m. Let l(y) = y + 5. Let t be l(m). What is the greatest common factor of 3 and t?
1
Let i be (-13)/(-3) + (-38)/(-57). Suppose 4*q = k - 46, -67 = i*k - 6*k - 3*q. What is the greatest common factor of k and 87?
29
Let l(g) = -2*g**3 + 2*g + 3*g**3 + 3*g + 2 + 5*g**2. Let s be l(-3). Calculate the highest common divisor of 40 and s.
5
Suppose -2*l + 4*i + 42 = 32, 4*l + i = 2. Calculate the greatest common divisor of l and 169.
1
Suppose -3*g - 2*g = -4*n + 2220, 3*n = -g + 1684. Let u = n + -376. Calculate the highest common factor of u and 23.
23
Suppose 280*b - 1140 = 275*b + 5*r, 3*r = 2*b - 459. Suppose -3*o + 25 + 50 = 0. Calculate the highest common divisor of o and b.
25
Let p(g) be the first derivative of -57*g**4/4 - g**3/3 + 3*g**2/2 + 2*g - 11. Let z be p(-1). Calculate the greatest common divisor of z and 33.
11
Let o(p) = 9*p + 235. Let b be o(-24). What is the highest common factor of 133 and b?
19
Let f(t) = 3*t - 14. Let x be f(18). Calculate the highest common divisor of x and 32.
8
Let r(d) = 5*d - 9 + 3*d - 3. Let x be r(5). Calculate the greatest common divisor of x and 196.
28
Suppose 0 = -6*m + 5*m + 7. Suppose -79 + m = -3*v. What is the highest common factor of 12 and v?
12
Let w be 4/4*5/1. Let r(q) = -4 + 12 - 3*q + 2*q**3 - 3 - 5*q**2 + q. Let z be r(4). What is the greatest common factor of w and z?
5
Let m be (9/2)/(16/192). What is the highest common factor of m and 12?
6
Let l be 1 + 0 + (3 - -50). Let b(n) = 26*n + 4*n**3 - 6*n**2 - 20*n - 3*n**3. Let h be b(6). Calculate the greatest common factor of l and h.
18
Let b = -1855 + 4159. What is the highest common factor of 72 and b?
72
Let h be (-792)/(-90)*345/6. What is the highest common factor of 22 and h?
22
Let p(g) = g**3 + g**2 + g + 24. Let k be p(0). Let q be 3*(12/9)/2. Suppose -q*o - 24 = -2*x, -4*o + 6 = -10. Calculate the highest common divisor of x and k.
8
Suppose 0*f + 44 = 2*r - 2*f, -4*f = r - 47. Suppose -52 = -31*d + r*d. Calculate the greatest common factor of 39 and d.
13
Let v be 66/(-15) + (-4)/(-10). Let z be 48 - (16/v - -2). What is the highest common divisor of 75 and z?
25
Suppose j = 2, -3*d + j + j + 11 = 0. Suppose 3*k = d*a + 42, 2*a = -k + 5*k - 42. Suppose -m = 3 - k. What is the highest common divisor of m and 12?
6
Suppose 107*b - 116*b = -18. Let y = -7 + 33. What is the highest common factor of y and b?
2
Suppose -108 = -y - 4*y + 2*l, 109 = 5*y - l. Let u = 9 + 46. What is the greatest common factor of y and u?
11
Let y be (-66*(-3)/(-15))/((-1)/40). What is the greatest common divisor of y and 48?
48
Let o be ((328/12)/2)/((-2)/(-6)). What is the highest common divisor of 656 and o?
41
Let n(c) = 4*c**2 + 21*c - 24. Let o be n(8). What is the greatest common factor of 50 and o?
50
Suppose -3*v - 5*s + 141 = -v, -5*s = -5*v + 265. Calculate the highest common factor of 4 and v.
2
Let h be (-2)/4 + (-242)/44. Let f = 10 + h. Suppose -2*m + 3*v + 6 = -38, -f*m = -v - 78. What is the greatest common factor of m and 209?
19
Suppose -5*a = -u - 296 + 63, 3*u + 88 = 2*a. What is the greatest common divisor of a and 517?
47
Let a(t) be the first derivative of t**3 + 3*t**2/2 - 3*t - 11. Let x be a(-3). What is the greatest common divisor of 5 and x?
5
Suppose 25*b - 27*b + 835 = -5*a, -3 = -3*a. Calculate the highest common divisor of 672 and b.
84
Let s = 28 - 10. Let y = s + -10. What is the highest common factor of y and 64?
8
Suppose -31 = 2*b - 2*h - 3*h, 4*b - 3 = -3*h. Let v(o) = 6*o**2 + 2*o + 12. Let s be v(b). Calculate the greatest common factor of 45 and s.
15
Let t be -3*(-3 - 56/3). Let a be ((-182)/21)/(4/(-6)). What is the greatest common factor of a and t?
13
Let b be (7/(-4))/((-1)/(2 + 18)). Suppose 0 = 2*v + 3*y - 34, 3*v - 3*y - 32 = 2*y. What is the highest common factor of v and b?
7
Suppose -6*y = -245 - 109. Let w = y - -102. Let k(q) = 6*q - 1. Let h be k(4). What is the highest common divisor of h and w?
23
Let i = 109 - 92. Let q(b) be the second derivative of 5*b**3/3 + 2*b**2 + b. Let x be q(3). Calculate the highest common factor of i and x.
17
Let j(m) = 47*m**2 - 41*m + 3. Let f be j(-2). What is the greatest common factor of 63 and f?
21
Let p(y) = -10*y + 30. Let h be p(0). Suppose 9 = a + 3. What is the greatest common factor of a and h?
6
Let i be (-105)/(-25)*(2 - -3). Suppose -5*j + 22 = -f - 0*f, i = 3*j + 2*f. Calculate the greatest common divisor of 10 and j.
5
Let d be (2/(-6))/(8 + 19831/(-2478)). What is the greatest common factor of d and 59?
59
Let v be (-18)/(-4)*(-40)/(-2). Let q(g) = -g**2 - 6*g. Let f be q(-3). Calculate the highest common divisor of v and f.
9
Suppose 0 = -4*h + 477 - 217. What is the greatest common factor of h and 65?
65
Let w(m) = -m**3 + m**2 - m + 1. Let i be w(1). Suppose i*b - 5 = -b. Suppose -4*y = -k - 59, 9 = -k + 10. What is the greatest common factor of y and b?
5
Suppose 8*b - 2109 + 741 = 0. Calculate the highest common factor of b and 228.
57
Let r = 1632 - 1617. What is the highest common factor of 2085 and r?
15
Suppose 9*t = -11*t + 11200. What is the greatest common divisor of t and 80?
80
Let o be 3/(-2)*(-208)/(-12). Let n = o + 44. Let c be (3/4)/(1/192). Calculate the highest common factor of n and c.
18
Let b(q) = -2*q**2 - 21*q. Let v be b(-9). Calculate the greatest common factor of v and 81.
27
Let k be (-4)/26 - (-2955)/195. Calculate the greatest common divisor of 555 and k.
15
Suppose 5*o = 6*o, -o = 4*s. Suppose -37*h + 32*h + 70 = s. Calculate the highest common factor of h and 112.
14
Let s = 126 - 60. What is the highest common divisor of s and 22?
22
Suppose -3*n + 2*c + 783 = 0, 0 = -11*n + 12*n + 4*c - 261. Suppose 5*y = -t + n, 3*y - t - 4*t - 151 = 0. What is the greatest common divisor of 13 and y?
13
Suppose 5*l = -43 - 2. Let g = l - -11. Let p be -1*(-10 + -3 + g). What is the greatest common factor of 11 and p?
11
Let v be 135/7 + (-2)/7. Let k = 3100 + -2834. What is the highest common divisor of k and v?
19
Let m be -3 + (7 - -136) - 5. Calculate the highest common factor of 30 and m.
15
Let b be 15 - 2/1*(-2)/4. Calculate the highest common divisor of b and 104.
8
Let s(x) = -32*x - 82. Let p be s(-5). What is 